 305. Calculate z(-60).
295
Let h(a) = 2*a**3 + 15*a**2 - 4*a - 40. Calculate h(-7).
37
Let q(h) = 8*h**2 - 345*h + 127. What is q(43)?
84
Let p(g) = 9*g**2 - 36*g - 56. Give p(5).
-11
Let k(p) = p**3 - 86*p**2 - 80*p - 603. Calculate k(87).
6
Let q(d) = d**3 + 72*d**2 - 554*d - 54. What is q(-79)?
25
Let y(n) = 2155*n - 150844. Determine y(70).
6
Let u(m) = 68*m - 18. What is u(-1)?
-86
Let k(d) = -d**3 - 35*d**2 - 71*d - 1. Calculate k(-2).
9
Let o(l) = -776*l - 13193. Calculate o(-17).
-1
Let o(m) = -53*m**2 + 64*m - 5. Determine o(1).
6
Let z(y) = -y**3 - 3*y**2 - 10*y - 15. Give z(-3).
15
Let s(r) = 31*r - 367. What is s(11)?
-26
Let k(h) = 36*h - 63. Determine k(-10).
-423
Let a(j) = 4*j**2 - 111*j - 866. Calculate a(34).
-16
Let i(w) = -10*w**2 + 8*w + 4. Determine i(-2).
-52
Let w(d) = 63*d - 70. Determine w(1).
-7
Let h(r) = -239*r**2 + 7*r - 1. Give h(1).
-233
Let c(w) = -66*w - 600. Calculate c(0).
-600
Let y(m) = 45*m**2 + 39*m - 1. What is y(3)?
521
Let u(k) = k**2 - 666*k - 26749. Give u(-38).
3
Let u(d) = -d**2 - 10*d. Calculate u(7).
-119
Let k(g) = 5*g + 306. Calculate k(-65).
-19
Let i(v) = v**2 - 28*v + 163. Give i(19).
-8
Let m(q) = -79*q + 1579. What is m(22)?
-159
Let f(t) = t**3 - 25*t**2 - 72*t - 354. Give f(28).
-18
Let v(p) = 79*p + 454. Give v(-7).
-99
Let i(u) = -u**3 + 49*u**2 - 296*u - 29. Calculate i(7).
-43
Let c(r) = -r**2 + 110*r - 1588. Give c(93).
-7
Let v(d) = -3*d**3 + d**2 + 9*d - 15. Determine v(3).
-60
Let n(z) = 349*z + 30. Determine n(-1).
-319
Let m(g) = g**3 + 18*g**2 - 40*g + 13. Give m(-20).
13
Let w(b) = -11*b**2 - 471*b - 1245. What is w(-40)?
-5
Let f(d) = 2*d**2 - 227*d + 3052. Determine f(98).
14
Let t(p) = 115*p - 917. Determine t(8).
3
Let r(s) = 20*s - 153. Calculate r(7).
-13
Let y(d) = -d**3 + 17*d**2 + 8*d - 128. What is y(17)?
8
Let x(q) = -65*q + 911. Give x(14).
1
Let w(f) = f**2 + 140*f - 1837. Give w(12).
-13
Let c(f) = 3*f**2 + 55*f + 238. Calculate c(-10).
-12
Let m(d) = d**2 - 21*d + 30. Give m(22).
52
Let g(q) = 55*q - 104. Give g(6).
226
Let p(y) = -2*y**2 - 4126*y - 45144. What is p(-11)?
0
Let f(b) = -b**2 + 9*b + 5524. Give f(-70).
-6
Let i(n) = -n**3 + 7*n**2 - 15*n - 6. Calculate i(4).
-18
Let f(q) = -q**3 + 15*q**2 - 18*q - 71. Give f(9).
253
Let i(o) = 2*o**2 + 105*o - 1549. Determine i(12).
-1
Let k(l) = l**3 + 25*l**2 + 91*l + 2286. What is k(-25)?
11
Let t(l) = -172*l**2 - 112*l + 1. Calculate t(-2).
-463
Let k(t) = 16*t**2 - 456*t - 234. Calculate k(29).
-2
Let a(y) = 154*y**3 - 1235*y**2 + 45*y - 165. Give a(8).
3
Let g(w) = -31*w**2 - 30*w + 63. Give g(2).
-121
Let c(j) = 26*j**2 + 1538*j + 135. Determine c(-59).
-101
Let p(h) = -h**2 + 18*h + 49. Calculate p(18).
49
Let x(v) = -2*v**3 - 45*v**2 + 67*v - 99. Give x(-24).
21
Let v(a) = a**2 + 20*a - 46. What is v(-18)?
-82
Let a(g) = -g**2 + 88*g - 1207. Calculate a(12).
-295
Let y(n) = -n**3 + 12*n**2 - 26*n + 120. Determine y(9).
129
Let d(n) = -4*n**2 - 604*n + 9229. Calculate d(-165).
-11
Let h(q) = -q**3 - 11*q**2 - 7*q - 61. What is h(-11)?
16
Let g(f) = 19*f**2 + 223*f - 15. Give g(-11).
-169
Let h(y) = 89*y - 87. Calculate h(1).
2
Let q(m) = 42*m - 534. What is q(14)?
54
Let d(n) = 3*n**2 + 11*n - 28. What is d(3)?
32
Let m(z) = 62*z - 349. Give m(3).
-163
Let c(n) = -2*n**2 + 64*n + 96. Calculate c(32).
96
Let o(p) = -84*p - 291. What is o(-2)?
-123
Let l(b) = -114*b - 170. Give l(-5).
400
Let k(o) = -o**3 - 65*o**2 - 232*o + 721. Give k(-61).
-11
Let q(g) = 10*g**2 - 72*g + 10. What is q(6)?
-62
Let v(i) = -12*i + 1611. Determine v(134).
3
Let l(o) = 6*o**3 - 3*o**2 + 2*o. What is l(1)?
5
Let t(v) = -5*v**2 + 204*v + 36. Determine t(41).
-5
Let f(m) = 3*m**3 + 278*m**2 - 97*m - 539. What is f(-93)?
-167
Let h(c) = c**2 + c + 27. Calculate h(-6).
57
Let d(m) = 8*m**2 - 312*m + 9. What is d(39)?
9
Let r(z) = z**3 + 37*z**2 - 305*z + 94. Calculate r(-44).
-38
Let l(u) = -1956*u - 21499. Determine l(-11).
17
Let u(p) = 25*p**2 + 67*p + 16. Determine u(-2).
-18
Let i(m) = m**3 + 5*m**2 - 43*m + 166. What is i(5)?
201
Let h(t) = 4*t**3 + 28*t**2 + 32*t + 48. What is h(-6)?
0
Let f(u) = 5*u**3 + 3*u**2 - 5*u + 50. What is f(0)?
50
Let i(h) = h**3 - 11*h + 29. Give i(3).
23
Let u(m) = m**2 + 81*m + 3. Give u(-3).
-231
Let d(c) = c**3 + 23*c**2 + 105*c - 37. Calculate d(-13).
288
Let h(r) = -r**3 + 10*r**2 - 23*r + 64. What is h(10)?
-166
Let q(r) = r**3 + 26*r**2 + 170*r + 19. What is q(-17)?
-270
Let w(q) = -30*q**2 + 391*q - 899. Give w(3).
4
Let y(r) = -2*r**2 + 74*r + 1297. Calculate y(-15).
-263
Let w(a) = -17*a - 32. Give w(15).
-287
Let h(k) = 65*k + 2077. What is h(-30)?
127
Let s(d) = -2733*d - 8219. What is s(-3)?
-20
Let t(p) = -191*p + 955. Determine t(5).
0
Let t(i) = i**2 - 61*i - 466. Calculate t(-8).
86
Let x(k) = -k**2 - 91*k - 1185. What is x(-75)?
15
Let o(p) = p**2 + 54*p - 228. Calculate o(-57).
-57
Let k(o) = 51*o - 228. Calculate k(-12).
-840
Let j(h) = -80*h**3 - 2*h**2 - 2*h + 3. Determine j(1).
-81
Let b(a) = 2*a**3 + 8*a**2 - 314*a - 1541. What is b(-5)?
-21
Let s(p) = -3304*p + 82592. Determine s(25).
-8
Let z(a) = 2023*a - 36419. Calculate z(18).
-5
Let a(n) = n**3 + 46*n**2 + 505*n + 14. Give a(-18).
-4
Let w(k) = -k**3 + 57*k**2 + 108*k + 585. Give w(59).
-5
Let j(s) = -s**3 - s**2 - 53*s - 235. Determine j(-5).
130
Let l(g) = 111*g - 21039. Determine l(190).
51
Let d(k) = 5*k**3 + 86*k**2 - 71*k + 24. Give d(-18).
6
Let o(b) = -13*b - 480. Calculate o(-37).
1
Let q(w) = -199*w - 34832. Give q(-175).
-7
Let w(y) = -224*y - 3126. Determine w(-14).
10
Let f(c) = -c**2 + 12*c + 7. Calculate f(11).
18
Let w(f) = -3*f**2 - 83*f + 75. Determine w(-28).
47
Let q(z) = 2*z**2 - 145*z + 2486. Calculate q(30).
-64
Let u(k) = k**3 - 28*k**2 - 8*k - 13. Give u(28).
-237
Let p(l) = -2*l**3 + 193*l**2 + 100*l - 298. Calculate p(97).
-7
Let u(x) = 222*x + 5778. What is u(-26)?
6
Let m(u) = 2*u**3 + 3*u**2 - 79*u - 233. What is m(-3)?
-23
Let b(i) = 37*i - 372. Give b(10).
-2
Let l(a) = 7*a + 28. Give l(-3).
7
Let p(j) = 4*j**2 + 43*j - 166. What is p(3)?
-1
Let c(i) = -936*i + 12. Calculate c(0).
12
Let c(k) = -3*k**3 - 57*k**2 + 5*k + 20. Determine c(-18).
-1042
Let n(m) = 355*m - 1437. Give n(4).
-17
Let p(h) = -1148*h - 2296. Give p(-2).
0
Let s(j) = -5*j**2 - 137*j - 718. Calculate s(-7).
-4
Let m(v) = 3*v**2 + 11*v + 16. Determine m(-7).
86
Let j(o) = -13510*o - 1. What is j(0)?
-1
Let c(u) = -2*u**2 - 45*u - 20. Give c(-24).
-92
Let l(d) = 602*d + 1. What is l(0)?
1
Let m(d) = -d**2 + 30*d - 98. Calculate m(12).
118
Let r(a) = -99*a - 9. Determine r(1).
-108
Let k(u) = -2*u**2 + 182*u + 2943. Determine k(-14).
3
Let d(n) = -850*n + 6039. Give d(7).
89
Let w(p) = 2*p**3 - 549*p**2 + 272*p + 541. What is w(274)?
-7
Let v(q) = q**3 - 3*q**2 - 13*q - 7. Determine v(10).
563
Let k(n) = -75*n**2 - 668*n + 69. Give k(-9).
6
Let f(m) = m**3 - 20*m**2 - 49*m - 74. What is f(23)?
386
Let i(u) = 754*u + 27152. What is i(-36)?
8
Let h(v) = -v**3 - 8*v**2 - 283*v - 2590. Give h(-9).
38
Let d(y) = -y**3 + 28*y**2 - 32*y + 46. Determine d(27).
-89
Let n(p) = -36*p + 221. What is n(5)?
41
Let d(k) = -51*k**2 + 4*k - 1. Determine d(1).
-48
Let m(k) = -k**3 + 22*k**2 - 108*k + 15. Give m(7).
-6
Let l(s) = -s**2 - 13*s + 98. Give l(19).
-510
Let a(k) = k**3 - 84*k**2 - 178*k + 477. Determine a(86).
-39
Let v(w) = 18*w**2 - 3*w - 37. Determine v(-4).
263
Let t(o) = 24*o**2 + 21*o - 147. What is t(2)?
-9
Let s(u) = 98*u - 1535. Give s(16).
33
Let f(b) = -7*b**2 - 319*b - 68. Calculate f(-46).
-206
Let u(f) = -3*f**2 + 175*f - 49. Give u(58).
9
Let w(j) = -2*j**3 - 6*j - 6. Determine w(-2).
22
Let s(u) = 2704*u - 8056. What is s(3)?
56
Let w(m) = -72*m - 199. Determine w(-7).
305
Let m(i) = 15*i - 78. Calculate m(13).
117
Let j(s) = s**3 - 53*s**2 + 2*s - 106. Give j(53).
0
Let j(m) = 3*m**3 + 39*m**2 + 14. What is j(-13)?
14
Let j(b) = -3*b**3 - 44*b**2 + 37*b - 127. What is j(-16)?
305
Let g(s) = 7*s - 295. Calculate g(33).
-64
Let i(a) = -a**3 + 35*a**2 - a - 36. Determine i(35).
-71
Let j(w) = -9*w - 574. Give j(-73).
83
Let g(w) = -w**2 - 814*w - 63882. Determine g(-88).
6
Let f(d) = 100*d + 561. What is f(-6)?
-39
Let z(x) = -16*x + 233. Give z(36).
-343
Let b(g) = g**2 + 13*g + 139. Give b(-7).
97
Let 